3, 139
What are the prime factors of 168765?
3, 5, 11251
What are the prime factors of 121582?
2, 31, 37, 53
What are the prime factors of 13383?
3, 1487
What are the prime factors of 336109?
336109
List the prime factors of 81995.
5, 23, 31
What are the prime factors of 17392535?
5, 179, 19433
What are the prime factors of 1401981?
3, 7, 101, 661
What are the prime factors of 515501?
7, 73643
List the prime factors of 2733229.
937, 2917
What are the prime factors of 1717550?
2, 5, 34351
List the prime factors of 226826.
2, 23, 4931
What are the prime factors of 4870304?
2, 152197
What are the prime factors of 884886?
2, 3, 147481
What are the prime factors of 3699811?
683, 5417
What are the prime factors of 2734175?
5, 109367
List the prime factors of 45922.
2, 22961
What are the prime factors of 9631021?
619, 15559
What are the prime factors of 114106?
2, 59, 967
List the prime factors of 459967.
317, 1451
What are the prime factors of 3082331?
7, 440333
List the prime factors of 6542587.
113, 57899
List the prime factors of 77974.
2, 13, 2999
List the prime factors of 5536959.
3, 397, 4649
List the prime factors of 2538977.
7, 37, 9803
List the prime factors of 1844755.
5, 11, 17, 1973
List the prime factors of 682600.
2, 5, 3413
What are the prime factors of 599895?
3, 5, 13331
List the prime factors of 2082513.
3, 41, 16931
What are the prime factors of 2170258?
2, 61, 17789
What are the prime factors of 3789227?
13, 19, 23, 29
What are the prime factors of 3356451?
3, 7, 43, 59
List the prime factors of 2169094.
2, 1084547
List the prime factors of 13270949.
19, 698471
What are the prime factors of 2002400?
2, 5, 2503
List the prime factors of 533801.
533801
What are the prime factors of 702676?
2, 13, 13513
What are the prime factors of 2151996?
2, 3, 7, 11, 17, 137
What are the prime factors of 13931?
13931
What are the prime factors of 1320808?
2, 107, 1543
List the prime factors of 1806355.
5, 361271
List the prime factors of 116171.
11, 59, 179
List the prime factors of 3759723.
3, 11, 12659
List the prime factors of 11866.
2, 17, 349
List the prime factors of 140390.
2, 5, 101, 139
List the prime factors of 471894.
2, 3, 78649
List the prime factors of 362271.
3, 7, 13, 1327
List the prime factors of 9529996.
2, 7, 17, 20021
What are the prime factors of 280044?
2, 3, 2593
What are the prime factors of 196217?
7, 28031
What are the prime factors of 1729923?
3, 13, 44357
What are the prime factors of 4656301?
13, 251, 1427
List the prime factors of 9351830.
2, 5, 935183
List the prime factors of 49639.
49639
List the prime factors of 35837.
35837
What are the prime factors of 6789278?
2, 23, 37, 3989
What are the prime factors of 1166559?
3, 239, 1627
List the prime factors of 8841114.
2, 3, 29, 16937
What are the prime factors of 4267306?
2, 17, 125509
What are the prime factors of 1779171?
3, 277, 2141
List the prime factors of 3815628.
2, 3, 317969
What are the prime factors of 356563?
356563
What are the prime factors of 6538922?
2, 13, 47, 5351
List the prime factors of 1532741.
7, 218963
What are the prime factors of 120103?
120103
What are the prime factors of 450274?
2, 11, 97, 211
List the prime factors of 250220.
2, 5, 12511
What are the prime factors of 1163855?
5, 7, 11, 3023
List the prime factors of 282104.
2, 179, 197
List the prime factors of 317341.
271, 1171
What are the prime factors of 1449509?
1449509
What are the prime factors of 278177?
278177
List the prime factors of 1880775.
3, 5, 13, 643
What are the prime factors of 2376?
2, 3, 11
List the prime factors of 1021428.
2, 3, 17, 1669
What are the prime factors of 262711?
29, 9059
List the prime factors of 4734074.
2, 2367037
List the prime factors of 830704.
2, 7, 7417
What are the prime factors of 12036284?
2, 13, 211, 1097
What are the prime factors of 2958968?
2, 59, 6269
List the prime factors of 2435398.
2, 7, 24851
List the prime factors of 1244071.
29, 42899
List the prime factors of 1745477.
547, 3191
What are the prime factors of 108783?
3, 17, 79
List the prime factors of 27245749.
109, 181, 1381
What are the prime factors of 12710344?
2, 1588793
What are the prime factors of 6558235?
5, 149, 8803
What are the prime factors of 28815131?
109, 264359
List the prime factors of 18647.
29, 643
List the prime factors of 13905944.
2, 13, 133711
List the prime factors of 1100614.
2, 17, 32371
List the prime factors of 28366190.
2, 5, 2836619
List the prime factors of 578236.
2, 37, 3907
What are the prime factors of 459413?
433, 1061
List the prime factors of 2784486.
2, 3, 464081
List the prime factors of 244651.
11, 23, 967
What are the prime factors of 2438699?
1291, 1889
What are the prime factors of 895612?
2, 223903
List the prime factors of 7751468.
2, 19, 29, 3517
What are the prime factors of 2315583?
3, 257287
What are the prime factors of 2785556?
2, 229, 3041
List the prime factors of 4991606.
2, 2495803
List the prime factors of 123179.
7, 17597
List the prime factors of 19303906.
2, 67, 71, 2029
What are the prime factors of 3397468?
2, 23, 36929
List the prime factors of 38926777.
1901, 20477
List the prime factors of 121055.
5, 11, 31, 71
What are the prime factors of 1030162?
2, 7, 73583
What are the prime factors of 177106?
2, 17, 5209
List the prime factors of 1099984.
2, 68749
List the prime factors of 4193488.
2, 13, 20161
What are the prime factors of 212297?
212297
List the prime factors of 2216980.
2, 5, 110849
List the prime factors of 850.
2, 5, 17
List the prime factors of 2020792.
2, 37, 6827
List the prime factors of 2177023.
619, 3517
List the prime factors of 200909.
200909
What are the prime factors of 117592?
2, 14699
List the prime factors of 13176824.
2, 59, 27917
What are the prime factors of 142633?
19, 7507
List the prime factors of 2195496.
2, 3, 30493
What are the prime factors of 808191?
3, 37, 809
What are the prime factors of 159965?
5, 13, 23, 107
List the prime factors of 6711480.
2, 3, 5, 103, 181
List the prime factors of 44197.
193, 229
List the prime factors of 954200.
2, 5, 13, 367
What are the prime factors of 12700971?
3, 1411219
What are the prime factors of 793839?
3, 19, 733
What are the prime factors of 4992389?
4992389
What are the prime factors of 72917?
13, 71, 79
What are the prime factors of 229494?
2, 3, 23, 1663
List the prime factors of 6821722.
2, 19, 179519
What are the prime factors of 9354058?
2, 7, 127, 5261
List the prime factors of 2165978.
2, 1082989
List the prime factors of 37360027.
23, 1624349
List the prime factors of 693055.
5, 11, 12601
List the prime factors of 28410.
2, 3, 5, 947
List the prime factors of 1750526.
2, 875263
List the prime factors of 8715633.
3, 47, 61813
List the prime factors of 2372270.
2, 5, 157, 1511
List the prime factors of 717289.
717289
List the prime factors of 13489856.
2, 131, 1609
List the prime factors of 537478.
2, 31, 8669
What are the prime factors of 297358?
2, 157, 947
What are the prime factors of 3104295?
3, 5, 206953
List the prime factors of 35711836.
2, 8927959
List the prime factors of 723701.
11, 5981
What are the prime factors of 2660613?
3, 41, 97, 223
What are the prime factors of 398482?
2, 7, 28463
What are the prime factors of 9691913?
7, 11, 191, 659
What are the prime factors of 552933?
3, 20479
List the prime factors of 1336478.
2, 11, 13, 4673
What are the prime factors of 5750871?
3, 7, 53, 5167
What are the prime factors of 3014431?
7, 61519
List the prime factors of 182287.
7, 26041
What are the prime factors of 10005202?
2, 89, 56209
List the prime factors of 17098733.
17098733
List the prime factors of 1408684.
2, 47, 59, 127
What are the prime factors of 193909?
211, 919
What are the prime factors of 10376?
2, 1297
List the prime factors of 22336293.
3, 7, 29, 36677
What are the prime factors of 5340641?
5340641
List the prime factors of 4997066.
2, 79, 31627
What are the prime factors of 2312474?
2, 349, 3313
What are the prime factors of 171827?
171827
List the prime factors of 185261.
229, 809
What are the prime factors of 27134?
2, 13567
List the prime factors of 19650415.
5, 569, 6907
List the prime factors of 523820.
2, 5, 11, 2381
List the prime factors of 11153209.
19, 131, 4481
What are the prime factors of